- 5. Let x be d(7). What is the highest common factor of x and m?
1
Suppose 308 = 5*t - 2*s, 38*t - 6*s = 33*t + 284. Let i be (-1 - 0)*1*-32. What is the highest common divisor of t and i?
32
Suppose -3*r = b - 3, -684 = -4*b + 4*r - 640. Calculate the highest common divisor of 366 and b.
3
Suppose -i = -3*i - 10, -s - 1331 = 5*i. Let p = -762 - s. Calculate the highest common divisor of 32 and p.
32
Let z = -25642 + 25957. Let m(r) = -3*r - 12. Let q be m(-14). What is the greatest common divisor of z and q?
15
Let z be 3/((-2)/5 + 1). Suppose z*j - 2*j - 360 = 0. Suppose 9*x - 3*x = 120. What is the greatest common factor of j and x?
20
Let w(c) = 97*c + 12. Let h be w(6). Let z be h/12*28/3. Suppose 102 - z = -8*i. What is the highest common factor of 9 and i?
9
Let x be 7/(14/60)*(-2408)/(-258). What is the highest common divisor of 320 and x?
40
Let g(k) = 2*k**3 - 3*k**2 + 37*k - 132. Let u be g(4). Calculate the highest common divisor of 492 and u.
12
Let v = -3720 - -3747. Calculate the highest common divisor of 4 and v.
1
Let s(l) = -l**3 - 5*l**2 - 8*l - 4. Let r be s(-3). Suppose -r*v - 4*n + 29 = -19, -53 = -2*v - 5*n. Calculate the greatest common factor of v and 56.
14
Suppose 3*y + 4 = 10. Suppose -35 = -w - y*q, -4*w + 220 = w + q. Let k = 93 - w. Calculate the highest common divisor of k and 12.
12
Let y = 4860 + -4540. What is the highest common divisor of y and 35?
5
Suppose -4*h + 645 = -3*m, 4*m + 106 = h - 78. Calculate the highest common factor of h and 732.
12
Let u = 4573 - 4519. What is the highest common divisor of 7074 and u?
54
Suppose 4*b + 2*r - 18 = -6, 4*b + 4*r - 12 = 0. Suppose -94*o + 96*o = b*c - 166, 3*c - o - 161 = 0. Calculate the highest common divisor of 884 and c.
52
Let m(s) = 5*s**2 - 4*s - 96. Let a be m(-9). Let i = a - 317. Suppose -128 = -3*o + 2*h, 27 = o + 3*h - 12. What is the highest common factor of i and o?
14
Suppose 54 = 4*i - n, i + 2*n - 21 = n. What is the highest common divisor of i and 480?
15
Let l = 6 + -4. Let a = -119 - -70. Let c be (-2)/14 + (-889)/a. What is the greatest common factor of l and c?
2
Let j be (0 - 2)*(15/6 - 7). What is the greatest common divisor of 13 and j?
1
Let l(b) = -3*b + 3. Let z be l(-7). Suppose 222*a + 2504 = 6056. What is the greatest common factor of z and a?
8
Suppose 58 = 3*i - 5*t + t, 2*i - 5*t - 48 = 0. Let f = -995 + 1569. What is the highest common factor of i and f?
14
Let g(n) = n**2 - 22*n + 71. Let o be g(5). Let j = 7 + -10. Let k be j/6 - 77/o. What is the greatest common factor of k and 10?
5
Let b = 10 + 2. Let d be 330/b - (-1)/2. Suppose -2*h - 4*a + d = -0*h, -h - 4*a = -20. What is the highest common factor of 12 and h?
4
Let z be 0*-4*4/(-32). Let l be -22*(-4 + 25/10). Suppose z = -9*m + 852 - l. Calculate the greatest common divisor of 7 and m.
7
Suppose 5*g - 208 + 1123 = 0. Let a = 563 + g. What is the greatest common factor of 152 and a?
76
Suppose u = 5*p - 3*u - 1811, 0 = -4*u + 4. Let r = 606 - p. Let n(g) = -g**2 + 32*g - 148. Let m be n(7). What is the greatest common divisor of r and m?
27
Suppose 0 = 136*j - 138*j - 18. Let d be j/48*12*-212. What is the highest common factor of 53 and d?
53
Suppose 25*q = -202 - 179 + 1706. Calculate the highest common divisor of 15529 and q.
53
Let r(n) = n**3 + 6*n**2 + 3*n - 5. Let f be r(4). Let i = -75 + f. What is the highest common factor of 69 and i?
23
Let r = 427 - 421. Let f be (3 - -3) + r/(-15)*-745. What is the greatest common factor of 228 and f?
76
Let n = 4114 + -4054. Let a be 16*(2 - 1)/(-2). Let c be (-5)/((-10)/a)*-10. What is the highest common factor of n and c?
20
Let n be 3/(358/176 - 2). Suppose 121*b - 4800 = 73*b. Let s = b - n. What is the highest common divisor of s and 42?
6
Suppose -50*v + 52*v = -5*r + 8379, -6 = 2*v. What is the greatest common factor of 129 and r?
129
Suppose -606 = 274*c - 441 - 3453. Let o(p) = 2*p - 3. Let i be o(9). Let j be 2337/i + (-2)/(-10). What is the greatest common factor of j and c?
12
Let t = -34 + 47. Let p be 15/t + -1 - (-14746)/(-26). Let h be p/3*(-2)/2. What is the highest common divisor of 21 and h?
21
Suppose 4*p - 5 - 3 = 0. Let i be (-14)/(-3 + (-28)/(-20) + p). Let b = i - -57. Calculate the highest common factor of 66 and b.
22
Suppose 91 + 95 = -3*q. Let r = 138 - 56. Let y = q + r. What is the greatest common divisor of 220 and y?
20
Let m = 7494 - 7284. What is the greatest common factor of 7 and m?
7
Suppose a - 2*a = -4*k - 37, -4*k + 45 = a. Let v be -1 - (0 + -11 + 3). Let y = a + v. What is the highest common factor of y and 24?
24
Suppose 0 = 3*g - 9, 10*r - 12*r + 3*g = -261. Suppose -15*u = -6*u - r. What is the highest common divisor of 12 and u?
3
Suppose -470 + 596 = 2*h. What is the highest common factor of 217 and h?
7
Let n = -27 + 192. Let v be (256/224)/(4 - (-61)/(-7) - -5). Suppose 0 = -v*z + n + 123. What is the greatest common divisor of z and 16?
8
Suppose -220*a + 225*a - 385 = 0. Let f = -13 + 19. Suppose -f*m + a = -4*m + b, 0 = -2*m - 2*b + 82. Calculate the highest common divisor of m and 144.
36
Let f(a) = 416*a - 1417. Let t be f(10). What is the greatest common divisor of 117 and t?
13
Suppose 17*v - b - 26 = 18*v, 20 = 5*b. Let a be (-1 + (-54)/v)*20. Calculate the greatest common divisor of 256 and a.
16
Let o be -1 - 4/(-3) - 665/(-57). Let h = 65 - 62. Suppose -4*q - 1 - 3 = -2*l, -3*l + 9 = -h*q. Calculate the greatest common divisor of o and l.
4
Suppose -2*c - 5*j = 3153, -c + 4*j = 9*j + 1569. Let u be (22/6)/((-22)/c). What is the greatest common factor of u and 99?
33
Let t(j) = -23*j + 189. Let x be t(-13). Calculate the greatest common factor of 1098 and x.
122
Let m = 33915 + -21955. Calculate the highest common divisor of m and 46.
46
Let t = -48 + 53. Suppose w - t = 5*c, 8 - 23 = -3*w. Suppose -4*h - 3*f + 53 = c, -h = 2*h + 3*f - 42. What is the highest common factor of h and 1?
1
Let v be (90/(-15))/((-6)/1509). Suppose -27*i + v + 381 = 0. Calculate the greatest common factor of 98 and i.
14
Let z = -26040 + 26322. What is the highest common factor of 4935 and z?
141
Suppose -316*y = -307*y - 90. Calculate the highest common factor of y and 995.
5
Suppose -6*g + 0*g + 252 = 0. Let h(j) = j**3 - 36*j**2 + 38*j - 7. Let t be h(35). Calculate the highest common divisor of g and t.
14
Let v(l) be the second derivative of l**3 + l**2 - 9*l. Let n be v(-1). Let k be n*(-1)/((-4)/(-13)). Calculate the greatest common divisor of 104 and k.
13
Let c be (2/3)/((-34)/27438). Let u be (6/18)/(3/18) - c. Calculate the greatest common factor of 20 and u.
20
Let k be -1 + (-26)/(-22) + (-73455)/165. Let x = -429 - k. Calculate the highest common factor of 800 and x.
16
Let k(b) = -11*b**2 + 17*b - 33. Let o be k(10). Let z = 981 + o. Calculate the highest common factor of z and 24.
6
Let y(f) = -5566*f + 2364. Let d be y(-2). Calculate the highest common factor of d and 16.
8
Let f be 5/(-10)*(-484 - -44). Calculate the highest common divisor of f and 680.
20
Suppose 24 = 14*s - 2*s. Suppose 0 = s*q - 1285 - 165. What is the highest common factor of 25 and q?
25
Suppose -25*n = -75*n + 8090 + 6510. What is the highest common divisor of n and 8614?
146
Let s be (15/(-9))/(4/(-48)). Let c = 178 - 170. Suppose 16*n - c = 15*n. What is the highest common factor of n and s?
4
Suppose 2*x - 4 = -2. Let i be 2 - (-96)/(-72)*(-3)/(-1). Let g be (2/8)/(i/(-8)) + 10. Calculate the highest common divisor of g and x.
1
Suppose 3*x + 2*b + 2 = 2*x, b = -2. Let d(v) = -2*v**3 - 11*v**2 - 21*v - 25. Let q be d(-4). What is the greatest common divisor of x and q?
1
Let t(j) = -5*j - 82. Let d be t(-17). Suppose -d*x + 1109 = -46. Calculate the highest common factor of 105 and x.
35
Suppose 4*z = -p + 1699, -5*p = 282*z - 277*z - 8510. Calculate the greatest common divisor of p and 524.
131
Let c(v) = 2*v + 6064. Let g be c(-89). Calculate the greatest common factor of 1526 and g.
218
Let k(r) = 36*r**3 - 14*r**2 + 32*r + 19. Let x be k(4). Calculate the greatest common factor of x and 34.
17
Let u be 2/(2/(-31)) + -8 + 5. Suppose 2*y + 4*y - 330 = 0. Let h = u + y. Calculate the greatest common divisor of h and 3.
3
Let s be (25 - 5)/((-2)/(-8)). Let v(w) = w**2 - 342*w + 3125. L